est common factor of 1295 and 251405?
35
What is the highest common factor of 177079 and 31570?
287
Calculate the highest common factor of 22446187 and 3566.
1783
What is the greatest common divisor of 11190825 and 176175?
675
Calculate the greatest common divisor of 5212260 and 27324.
828
Calculate the highest common divisor of 8820 and 66360.
420
What is the highest common factor of 298 and 2265311666?
298
Calculate the highest common factor of 334 and 442738376.
334
What is the highest common divisor of 38430 and 2190?
30
What is the highest common factor of 15809548 and 4?
4
Calculate the highest common factor of 130768087 and 92.
23
What is the greatest common divisor of 4841 and 6889361?
103
Calculate the highest common factor of 44350 and 53000024.
1774
What is the highest common divisor of 1208 and 1585953?
151
Calculate the greatest common factor of 27778 and 27863.
17
Calculate the highest common factor of 206191200 and 14589.
4863
Calculate the highest common divisor of 361351548 and 5606.
5606
What is the highest common factor of 2136007 and 5191?
179
Calculate the highest common factor of 80603520 and 3840.
1920
Calculate the highest common factor of 112332 and 83191.
23
Calculate the greatest common factor of 195 and 377835.
15
Calculate the greatest common factor of 257381 and 41.
1
What is the greatest common factor of 1230 and 16449720?
30
Calculate the highest common factor of 1484280676 and 7519.
7519
What is the greatest common divisor of 119259 and 101451?
21
Calculate the greatest common factor of 2552 and 534358.
22
Calculate the highest common divisor of 714 and 1724208.
102
What is the highest common factor of 18245841 and 2658?
1329
Calculate the greatest common divisor of 122688 and 36741222.
3834
What is the highest common divisor of 620 and 2325186?
62
Calculate the greatest common factor of 1684893 and 2268.
21
What is the greatest common factor of 377682336 and 680?
136
What is the greatest common factor of 56196 and 70462?
14
What is the greatest common divisor of 298440 and 12420?
180
What is the greatest common divisor of 360 and 43751880?
360
What is the highest common factor of 3878 and 733219?
277
Calculate the greatest common factor of 225 and 194090400.
225
Calculate the highest common divisor of 175 and 469434.
7
Calculate the greatest common divisor of 4760451 and 9558.
81
Calculate the greatest common factor of 411950 and 6710.
110
Calculate the highest common divisor of 44762347 and 27531.
3059
What is the highest common divisor of 99924 and 222156?
132
Calculate the greatest common factor of 2135 and 49717745.
2135
Calculate the greatest common divisor of 38160 and 45184.
16
What is the highest common divisor of 187668 and 17472?
156
Calculate the highest common divisor of 853200 and 525600.
3600
Calculate the greatest common divisor of 14 and 1361268.
2
Calculate the greatest common factor of 22359 and 360876.
87
What is the greatest common divisor of 667764814 and 188?
94
What is the greatest common divisor of 3764305 and 835?
5
Calculate the highest common factor of 37891 and 14000.
7
What is the highest common divisor of 121 and 19202304?
11
Calculate the highest common factor of 889720 and 6760.
520
Calculate the greatest common factor of 92054299 and 635.
127
What is the highest common divisor of 4177985 and 735?
245
Calculate the highest common factor of 9088 and 476126.
142
What is the highest common factor of 902 and 31201?
41
Calculate the highest common divisor of 5619 and 3825359010.
5619
Calculate the greatest common divisor of 619500 and 1016806.
826
Calculate the highest common divisor of 390 and 81770910.
390
Calculate the highest common factor of 713162 and 9962.
586
What is the highest common divisor of 8885149 and 182?
91
What is the greatest common factor of 26 and 118139762?
26
What is the highest common factor of 209 and 21866713?
11
What is the greatest common divisor of 344119100 and 5083?
5083
What is the highest common divisor of 2052636 and 156?
12
Calculate the highest common factor of 2548760 and 3620.
20
What is the greatest common divisor of 411 and 108849514?
137
Calculate the greatest common divisor of 35303 and 86.
43
Calculate the greatest common factor of 896 and 10110112.
32
Calculate the highest common divisor of 12870 and 8094515.
715
What is the highest common factor of 2574165 and 957?
33
Calculate the highest common factor of 94400 and 5792.
32
What is the greatest common divisor of 705121 and 3379?
109
What is the highest common divisor of 9009011 and 3366?
11
Calculate the greatest common divisor of 7663 and 226592.
97
Calculate the highest common divisor of 108 and 19402524.
108
Calculate the greatest common divisor of 1091145 and 106590.
2805
What is the highest common divisor of 353 and 6067?
1
What is the highest common factor of 630 and 25333980?
210
Calculate the highest common divisor of 5380998 and 54.
6
Calculate the highest common divisor of 37268 and 75988.
484
Calculate the highest common divisor of 2 and 195803.
1
What is the highest common divisor of 21 and 144091353?
21
Calculate the highest common divisor of 15 and 124161585.
15
What is the greatest common divisor of 304 and 39328024?
152
What is the greatest common divisor of 291 and 36612941?
97
What is the greatest common factor of 18577746 and 396?
198
Calculate the highest common factor of 210 and 5585730.
30
What is the greatest common factor of 93497397 and 63?
21
What is the highest common factor of 124675986 and 67146?
3534
What is the highest common divisor of 2256711 and 13385?
2677
Calculate the highest common factor of 76756504 and 748.
44
What is the greatest common factor of 3920 and 70072352?
784
What is the greatest common factor of 92089 and 2907?
17
What is the greatest common divisor of 6645 and 1604989?
443
Calculate the greatest common factor of 60817997 and 997.
997
Calculate the greatest common factor of 48607568 and 2.
2
Calculate the greatest common divisor of 668800400 and 2950.
2950
What is the greatest common factor of 240549553 and 31?
31
Calculate the greatest common factor of 209426 and 8030846.
4274
Calculate the highest common factor of 12768 and 1056324.
228
What is the highest common factor of 192 and 2806712?
8
What is the highest common factor of 9310383 and 60417?
1233
Calculate the greatest common divisor of 10 and 429266460.
10
Calculate the highest common divisor of 5402 and 11275898.
74
What is the highest common factor of 5421 and 3820137?
417
What is the highest common divisor of 20865916 and 2168?
1084
Calculate the highest common divisor of 1676692 and 13468.
148
Calculate the greatest common factor of 140 and 1201469255.
35
Calculate the greatest common divisor of 718 and 632415118.
718
Calculate the greatest common divisor of 1248171912 and 8.
8
What is the greatest common divisor of 18480 and 561330?
2310
Calculate the highest common divisor of 114208 and 1351904.
2656
Calculate the greatest common divisor of 5904767 and 6831.
253
What is the highest common divisor of 30 and 1330584?
6
Calculate the greatest common divisor of 14 and 20899795.
7
Calculate the greatest common divisor of 613339 and 215773.
1699
What is the greatest common factor of 595 and 82093221?
119
Calculate the highest common divisor of 21318815 and 91945.
2485
Calculate the greatest common divisor of 86492980 and 70.
70
What is the highest common factor of 19539720 and 2520?
360
What is the greatest common divisor of 12909 and 39857365?
331
Calculate the highest common divisor of 5589003 and 357.
21
Calculate the greatest common divisor of 168 and 18201156.
12
Calculate the greatest common divisor of 2021600 and 19000.
3800
Calculate the greatest common divisor of 8642319 and 51198.
483
Calculate the greatest common divisor of 3026 and 18650751.
1513
What is the highest common divisor of 1768 and 4031534?
26
Calculate the highest common factor of 32309450 and 150.
50
Calculate the highest common divisor of 22492 and 2500.
4
What is the greatest common factor of 72 and 238698?
18
Calculate the highest common factor of 10687182 and 6.
6
What is the greatest common factor of 247 and 4429711?
13
Calculate the highest common divisor of 1980 and 46501092.
396
Calculate the